ite number?
True
Is 190876083491 composite?
True
Is 1653376609 a composite number?
True
Is 31639818299 a prime number?
True
Is 9477251374 a composite number?
True
Is 223693391 composite?
False
Is 7837028183 composite?
False
Is 10155812729 composite?
True
Is 190765987 composite?
False
Is 29846949619 a prime number?
True
Is 2608138009 prime?
True
Is 12614972521 a prime number?
True
Is 3525172879 a composite number?
False
Is 475278373 composite?
False
Is 1286798699 a prime number?
True
Is 16451365211 composite?
False
Is 6732040691 a composite number?
False
Is 117777159631 prime?
True
Is 219602646295 a prime number?
False
Is 221279309 composite?
True
Is 21255721 a composite number?
False
Is 111166057589 a prime number?
True
Is 297555077 composite?
False
Is 3932312941 composite?
True
Is 26390490701 prime?
False
Is 760570661 a composite number?
False
Is 4068939241 a composite number?
False
Is 37691354797 prime?
True
Is 2188833671 prime?
True
Is 241565413 composite?
True
Is 137835563167 a composite number?
True
Is 278511479 a composite number?
False
Is 49193762797 a composite number?
False
Is 107777357707 composite?
True
Is 814861349 prime?
True
Is 1162262581 composite?
False
Is 8676204959 composite?
False
Is 29608377691 a prime number?
False
Is 85328578037 a prime number?
True
Is 660668759 prime?
False
Is 1057988257 prime?
True
Is 736388599 a prime number?
False
Is 4618790803 a composite number?
True
Is 1408196501 a composite number?
True
Is 474317057 prime?
True
Is 66348188497 a prime number?
True
Is 37187651399 composite?
False
Is 1451288413 a composite number?
True
Is 1975671877 a prime number?
True
Is 81991701037 a prime number?
True
Is 2191500749 prime?
True
Is 156514207 prime?
True
Is 183701941 composite?
True
Is 3073580119 composite?
False
Is 142658909 prime?
False
Is 1659321931 a prime number?
True
Is 471745624445 composite?
True
Is 180251118093 a composite number?
True
Is 11201097641 a prime number?
True
Is 810985271 composite?
False
Is 1997929887 composite?
True
Is 503017531 prime?
False
Is 1071997493 a prime number?
False
Is 1617508747 prime?
False
Is 785151631 a prime number?
False
Is 560770411 a composite number?
False
Is 351589415371 prime?
False
Is 110149451663 a prime number?
False
Is 4594008919 prime?
False
Is 227601856489 a composite number?
True
Is 15603830621 a composite number?
False
Is 48494177959 a composite number?
True
Is 1885597271 a prime number?
False
Is 2302756673 composite?
True
Is 3284406791 prime?
True
Is 1740386393 composite?
True
Is 341388601 prime?
True
Is 21249393257 composite?
True
Is 9978461041 composite?
False
Is 4408104431 composite?
False
Is 248617093 a prime number?
True
Is 1252739567 a prime number?
False
Is 40831851793 composite?
False
Is 16117746763 composite?
False
Is 653338009 composite?
True
Is 1380213581 prime?
False
Is 1131923543 a composite number?
False
Is 22273765567 a prime number?
True
Is 2020580623 prime?
False
Is 4000489557 a prime number?
False
Is 2618495947 a prime number?
False
Is 13568861581 composite?
True
Is 6525672031 composite?
True
Is 242938681 composite?
True
Is 86250763 a composite number?
False
Is 229028213 a composite number?
True
Is 101994292957 a prime number?
True
Is 76165201 a composite number?
True
Is 28733074043 a prime number?
False
Is 736083659 composite?
False
Is 5501733983 prime?
True
Is 23638487699 a composite number?
False
Is 36015878973 prime?
False
Is 2230196233 prime?
True
Is 281359919 a composite number?
False
Is 20540925001 a prime number?
True
Is 35481965477 prime?
False
Is 3384642929 a composite number?
False
Is 20312733907 a prime number?
True
Is 68456247 prime?
False
Is 26115240737 a composite number?
True
Is 35820359 prime?
False
Is 11990364563 prime?
False
Is 25641651413 prime?
False
Is 2248345531 a prime number?
True
Is 1259107853 a prime number?
True
Is 47688281419 composite?
False
Is 245559805 prime?
False
Is 2861646287 a composite number?
False
Is 546760387 a prime number?
True
Is 22647974189 composite?
True
Is 6217630037 prime?
True
Is 11671580647 a composite number?
True
Is 4121901793 composite?
False
Is 408034859 prime?
False
Is 10093904731 composite?
False
Is 1428155347 composite?
True
Is 1112516549 composite?
False
Is 4742423561 a prime number?
True
Is 318448451 a composite number?
True
Is 43869739021 a composite number?
False
Is 62742917 prime?
False
Is 20174819009 composite?
False
Is 459645581 composite?
False
Is 7703392859 a prime number?
False
Is 205621669 composite?
True
Is 218354737 a composite number?
False
Is 32545269973 a prime number?
True
Is 545467327 prime?
True
Is 195597313 composite?
True
Is 7918786621 composite?
True
Is 39021204821 a composite number?
False
Is 66549710561 a composite number?
True
Is 4883523935 prime?
False
Is 625339751 a prime number?
True
Is 882233033 composite?
True
Is 147563197 a prime number?
False
Is 9232955923 composite?
False
Is 19787944837 a prime number?
True
Is 77481001 a composite number?
True
Is 1635715663 prime?
False
Is 2797222847 a prime number?
True
Is 54435571649 a composite number?
True
Is 49172593571 a prime number?
True
Is 1577030099 a composite number?
False
Is 36197908499 a composite number?
False
Is 1960085521 a composite number?
False
Is 295868011 a composite number?
False
Is 872334893 prime?
False
Is 269020396999 a prime number?
False
Is 14755907077 prime?
False
Is 4019084933 prime?
False
Is 73809811853 composite?
True
Is 19237991699 a composite number?
False
Is 1295935897 a prime number?
False
Is 42907004039 prime?
True
Is 4740539983 a composite number?
False
Is 920530813 composite?
True
Is 1968666059 a composite number?
False
Is 118449041 prime?
False
Is 2517676901 a prime number?
True
Is 5584826699 a composite number?
True
Is 24556815419 composite?
False
Is 17961158737 prime?
True
Is 1206574079 a prime number?
True
Is 4512162569 a prime number?
False
Is 28423453549 a composite number?
True
Is 77883592903 a prime number?
False
Is 10596800681 composite?
True
Is 344425619 prime?
False
Is 852934873 a composite number?
True
Is 271547953 composite?
True
Is 9760590493 composite?
False
Is 20297506349 prime?
True
Is 5239041979 a prime number?
True
Is 149098237 prime?
True
Is 3271095959 a composite number?
False
Is 1440097363 a prime number?
False
Is 1362571103 prime?
False
Is 85296179 prime?
False
Is 55578921439 composite?
True
Is 148277699 a composite number?
False
Is 60292142777 a composite number?
False
Is 8349274867 prime?
True
Is 107655451 a composite number?
False
Is 3631382773 prime?
False
Is 14370241409 composite?
False
Is 2277697321 a composite number?
False
Is 729150155 prime?
False
Is 20370247015 a prime number?
False
Is 31930211 a composite number?
True
Is 135894067 a composite number?
True
Is 6791664289 a prime number?
True
Is 726082141 prime?
False
Is 200605511 composite?
False
Is 526785143 composite?
False
Is 130277033 a prime number?
False
Is 13002485371 composite?
True
Is 19828051637 prime?
True
Is 4061263961 a composite number?
False
Is 6001634719 prime?
False
Is 18725123623 prime?
False
Is 686268013 prime?
False
Is 47367191869 composite?
False
Is 968940811 composite?
True
Is 186818953 prime?
True
Is 15755478369 composite?
True
Is 848413471 a composite number?
False
Is 1975463701 composite?
False
Is 281117503547 composite?
False
Is 38870077643 composite?
True
Is 2522006189 composite?
True
Is 7541404106 composite?
True
Is 1239459863 composite?
True
Is 36521329913 a composite number?
True
Is 5098532431 a composite number?
False
Is 6182102477 a composite number?
False
Is 52851007661 composite?
False
Is 1750300363 composite?
True
Is 2862609901 a prime number?
False
Is 2129645941 a composite number?
True
Is 3594774178 a prime number?
False
Is 11163359159 a prime number?
True
Is 1065801089 prime?
False
Is 77236037 prime?
True
Is 1594362949 a prime number?
True
Is 17612902277 prime?
False
Is 1496916185 a composite number?
True
Is 690317071 prime?
True
Is 180485275823 a composite number?
False
Is 789089869 a composite number?
True
Is 7495141047 prime?
False
Is 1027490551 a composite number?
True
Is 970785037 prime?
True
Is 986039897 a prime number?
True
Is 13935644507 composite?
False
Is 2292198583 a prime number?
True
Is 1826597029 composite?
True
Is 42126512423 prime?
False
Is 60013